 = -3*p + 9 + 10. Calculate the remainder when r is divided by p.
7
Suppose -4*x + 100 = 2*d, 0 = -4*x - 89 + 101. What is the remainder when 205 is divided by d?
29
Let t = 23 + -9. Suppose 0 = -2*l - 6, 3*y - 3*l = 8 + 124. What is the remainder when y is divided by t?
13
Let b = 8268 - 6443. What is the remainder when b is divided by 203?
201
Suppose 36 = 6*t - 8*t. Let y = 26 - 25. Calculate the remainder when y is divided by (4 - t/(-4))*-2.
0
Let z = -2622 - -2691. Calculate the remainder when 82 is divided by z.
13
Suppose -176 = -19*s - 3*s. Suppose 13*v = s*v + 30. Calculate the remainder when 12 is divided by v.
0
What is the remainder when 151 is divided by (-2)/(((-92)/(-32))/(-23))?
7
Let n be 126/8*(2 - -2). Suppose -5*r - 4*s = -n, 0 = r - 4*s - 15 - 12. Let h = -1542 + 1548. What is the remainder when r is divided by h?
3
What is the remainder when 462 is divided by 20/4 - (-339 + 0)/3?
108
Let t = -1635 + 1667. What is the remainder when 667 is divided by t?
27
Suppose -4*l + 3*z + 384 = -388, 5*l = -3*z + 992. Suppose -3*a - l - 185 = 0. Let v = -72 - a. What is the remainder when v is divided by 28?
27
Calculate the remainder when (-8)/36 - -1*13645/45 is divided by 44.
39
Let g be 15/3*(4 + -35). Let c = -139 - g. What is the remainder when 26 is divided by c?
10
Let u = -38 + 36. Let z be (-1 - (u + -1))*(3 + -2). Calculate the remainder when 5/((-5)/(-52)) + z is divided by 29.
25
Suppose 3*y + 277 = 2*n, 0 = 12*n - 8*n - 4*y - 548. Calculate the remainder when 544 is divided by n.
8
Let a = -305 - -305. Suppose a = 30*z - 5*z - 100. Suppose -3*m - 12 = 0, 2*m = -5*h + m + 61. Calculate the remainder when h is divided by z.
1
Suppose -7*d - 97 = -8*d - 4*j, 5*d - 434 = -3*j. Calculate the remainder when 405 is divided by d.
65
Let l(f) = f**2 - 15*f - 17. Let g be -2 - (-2 - -1) - (-399)/21. Let m be l(g). Let q = 71 - m. Calculate the remainder when 66 is divided by q.
32
Suppose -10*i = -13*i + 555. Suppose -47 = 6*y - i. What is the remainder when ((-20)/6)/10 + (-340)/(-3) is divided by y?
21
Let q = -156 + 241. Let v be (-88)/(-110) - (-567)/(-15). Let i = v + q. What is the remainder when i is divided by 17?
14
Suppose 22*v = 6291 + 2502 - 2281. Calculate the remainder when v is divided by 12.
8
Let f = 6755 - 6323. Calculate the remainder when f is divided by 123.
63
Let r(f) be the first derivative of -2*f**2 + 42*f + 14. Calculate the remainder when r(-9) is divided by 28.
22
Let k(l) = -19*l**2 - 26*l**2 - 21*l**2 + 1 + 67*l**2. Calculate the remainder when k(-4) is divided by 6.
5
Suppose 0*x = 3*x - 174. Let r = -245 + 363. Let v = r - 88. Calculate the remainder when x is divided by v.
28
Suppose 2*b = d - 19, -62*d + 4*b = -66*d + 64. What is the remainder when 4893 is divided by d?
14
What is the remainder when 212 is divided by 970/12 - 132/(-792) - -5?
40
Let d be (1052/3)/2 - 9/27. Let z = d + -156. What is the remainder when z is divided by (-6)/(-15) - 76/(-10)?
3
Let z(g) = g**3 - 11*g**2 + 32*g + 22. What is the remainder when z(9) is divided by 27?
13
Let p = 4139 + -4131. Calculate the remainder when 15 is divided by p.
7
Calculate the remainder when 10862 is divided by -2*(6383/(-130) + 14 + 2/(-5)).
70
Suppose -3*w - 2*x + x + 55 = 0, 4*x - 33 = -w. What is the remainder when 204 + 2 + (-8 - -22) is divided by w?
16
Let i(r) = 5*r**3 - 30*r**2 + 14*r - 7. Calculate the remainder when 194 is divided by i(6).
40
Let f = 27 - 31. Let a be 7*f/(-8) - (-4)/(-8). Suppose 0 = -a*k + 15 - 0. What is the remainder when 13 is divided by k?
3
Suppose -35 = -2*w - 5*g, 2*g = w - 11 - 29. Suppose 0 = -5*p - 3*q + 166, 3*q = -3 + 9. Suppose -27*z = -329 + p. What is the remainder when w is divided by z?
8
What is the remainder when (1/(-4))/(19/(-3724)) is divided by -2 - (-3)/2 - 245/(-14)?
15
Suppose -223*f + 217*f + 192 = 0. Suppose 619 = -f*h + 2635. What is the remainder when 132 is divided by h?
6
Let a = -73 + 131. Suppose 0 = 28*j - 30*j - a. Let x = -22 - j. Calculate the remainder when 18 is divided by x.
4
Suppose 3*h - 5*h - 4*j + 10 = 0, j = 4*h - 11. Suppose 7*r - 24 = -220. Let u = -15 - r. Calculate the remainder when u is divided by h.
1
Let r be -1*9 - (33 + -42). Suppose 3*j + 427 = n, -n - 24*j + 26*j + 423 = r. Calculate the remainder when n is divided by 16.
15
Suppose 19*s + 16*s = 28*s + 4123. What is the remainder when s is divided by 105?
64
Let f = 12650 + -11981. Calculate the remainder when f is divided by 110.
9
Let w(f) = f**3 + 9*f**2 - 22*f + 31. Suppose 0 = -2*o - 2*k - 20, 142 - 119 = -2*o + k. Let c = 250 - 158. What is the remainder when c is divided by w(o)?
30
Let h = -3 + 21. Suppose g - h = -3*g + 3*b, -3*b + 36 = 5*g. What is the remainder when 11 is divided by g?
5
Let g(i) = -3*i**2 + 31*i - 19. What is the remainder when 9685 is divided by g(4)?
52
Suppose -28*s + 23*s = -5*z + 1115, z - 4*s = 232. Let g = z + -206. What is the remainder when 148 is divided by g?
8
Let x = -662 - -656. What is the remainder when x*4/(-6) + (31 - -331) is divided by 31?
25
Let q(k) = -k + 46. Let d = -114 - -123. What is the remainder when q(0) is divided by (-38)/(-3) - 8*d/108?
10
Let v be ((-5 - -14)/3)/(2/10). Suppose 6692 = -v*a + 43*a. What is the remainder when a is divided by 48?
47
Let w(o) = 135*o**2 - o. Let n = -11 - -51. Let k be (-14)/10 - (48/n)/(-3). Calculate the remainder when w(k) is divided by 23.
21
Suppose 0 = 2*n - 6*n + 40. Let u(y) = 9*y - 124. Let q be u(14). Suppose q*k - 56 = 4*h, 4*k = -3*h + 73 + 61. What is the remainder when k is divided by n?
2
Let a = 10219 + -9729. Calculate the remainder when 1471 is divided by a.
1
Let m be -91 - (-5 + 4 + 8/(-4)). Let j be 0/(-4) - m - 3. Suppose 7*w + 15 = j. What is the remainder when 16 is divided by w?
6
Let z(y) = 349*y + 286. What is the remainder when z(1) is divided by 158?
3
Let v(h) = 3*h**2 - 16*h - 7. Let t = 246 - 22. Calculate the remainder when t is divided by v(8).
53
Let f(z) be the second derivative of -z**3/2 + 11*z**2/2 + 34*z. Calculate the remainder when 27 is divided by f(-1).
13
Let l be (-5)/(-15)*0 + (-6)/(-2). Suppose 0*q = 3*q - 159. Suppose -3*w = -t - 47, -5*t - q = w - l*w. What is the remainder when 27 is divided by w?
13
Let l(a) = -154*a + 3884. Calculate the remainder when 1040 is divided by l(25).
20
Let k(y) = -12*y - 42. Let b be k(-18). Let o = b + -145. Calculate the remainder when o is divided by 4.
1
Calculate the remainder when (-440)/32*(-3 + 14)*-4 is divided by 150.
5
Suppose -2*n + 70 = 48. Let j = 24 + 14. What is the remainder when j is divided by n?
5
Let i be (23 - 40/(-5))/(1/(-3)). Let m = 136 + i. Calculate the remainder when 99 is divided by m.
13
Let r(p) = 653*p + 6609. Calculate the remainder when 1351 is divided by r(-10).
8
What is the remainder when 35463 - 156/(-16)*12/9 is divided by 20?
16
Suppose 15 = 3*b + 24, 22 = d + 2*b. Suppose 0 = d*r - 48*r + 1720. What is the remainder when r is divided by 34?
18
Let b be (-40)/200 + (-681)/(-5). Suppose -139*g + b*g + 102 = 0. Calculate the remainder when g is divided by 5.
4
Let f = -6026 - -6262. What is the remainder when 874 is divided by f?
166
Let n(q) = -5*q - 55. Let f be -18*(70/(-42))/(5/(-2)). Suppose -3*k - 84 = -7*k. Calculate the remainder when k is divided by n(f).
1
Suppose 629 - 1315 = 70*z - 15526. Calculate the remainder when 829 is divided by z.
193
Let f = 666 - 654. Let x(n) = 37*n**2. Calculate the remainder when x(1) is divided by f.
1
Let q = -5171 + 5261. Calculate the remainder when 12417 is divided by q.
87
Calculate the remainder when (12/(-10))/((-90)/3450) is divided by 9.
1
Let q = 96 + -86. What is the remainder when -684*(-6)/45 + (-2)/q is divided by 37?
17
Calculate the remainder when 2888/6 - 57/171 is divided by 23.
21
Suppose 7*o + 5*b = 8*o - 1957, 0 = -5*o + 3*b + 9609. Calculate the remainder when o is divided by 328.
277
Calculate the remainder when (4/((-48)/4905))/((-15)/20) is divided by 214.
117
Calculate the remainder when 585 is divided by ((16/(-10))/(-2))/((-946)/(-9460)).
1
Let l = 134 + -83. Let o = 33 + -69. Let y = l + o. Calculate the remainder when 53 is divided by y.
8
Let v = 18 + 24. Let j = -2382 + 2413. Let r = v - j. Calculate the remainder